{"id":41,"date":"2025-05-27T15:06:26","date_gmt":"2025-05-27T13:06:26","guid":{"rendered":"http:\/\/jrufsfc.cluster100.hosting.ovh.net\/?page_id=41"},"modified":"2025-11-27T11:03:17","modified_gmt":"2025-11-27T10:03:17","slug":"pourquoi-prendre-rendez-vous","status":"publish","type":"page","link":"https:\/\/eloisemarqueze-psychologue.com\/index.php\/pourquoi-prendre-rendez-vous\/","title":{"rendered":"Pourquoi prendre rendez-vous ?"},"content":{"rendered":"\t\t<div data-elementor-type=\"wp-page\" data-elementor-id=\"41\" class=\"elementor elementor-41\" data-elementor-post-type=\"page\">\n\t\t\t\t<div class=\"elementor-element elementor-element-1e45e57 e-flex e-con-boxed e-con e-parent\" data-id=\"1e45e57\" data-element_type=\"container\">\n\t\t\t\t\t<div class=\"e-con-inner\">\n\t\t<div class=\"elementor-element elementor-element-a6db579 e-con-full e-flex e-con e-child\" data-id=\"a6db579\" data-element_type=\"container\">\n\t\t\t\t<div class=\"elementor-element elementor-element-498298a elementor-widget elementor-widget-heading\" data-id=\"498298a\" data-element_type=\"widget\" data-widget_type=\"heading.default\">\n\t\t\t\t<div class=\"elementor-widget-container\">\n\t\t\t\t\t<h2 class=\"elementor-heading-title elementor-size-default\">Pourquoi prendre rendez-vous ?<\/h2>\t\t\t\t<\/div>\n\t\t\t\t<\/div>\n\t\t\t\t<\/div>\n\t\t\t\t\t<\/div>\n\t\t\t\t<\/div>\n\t\t<div class=\"elementor-element elementor-element-b6943a6 e-flex e-con-boxed e-con e-parent\" data-id=\"b6943a6\" data-element_type=\"container\" data-settings=\"{&quot;background_background&quot;:&quot;classic&quot;}\">\n\t\t\t\t\t<div class=\"e-con-inner\">\n\t\t<div class=\"elementor-element elementor-element-7accb5b e-con-full e-flex e-con e-child\" data-id=\"7accb5b\" data-element_type=\"container\">\n\t\t\t\t<div class=\"elementor-element elementor-element-a539073 elementor-widget elementor-widget-heading\" data-id=\"a539073\" data-element_type=\"widget\" data-widget_type=\"heading.default\">\n\t\t\t\t<div class=\"elementor-widget-container\">\n\t\t\t\t\t<h2 class=\"elementor-heading-title elementor-size-default\">Prendre soin de soi est une raison suffisante. <\/h2>\t\t\t\t<\/div>\n\t\t\t\t<\/div>\n\t\t\t\t<div class=\"elementor-element elementor-element-6006818 elementor-widget elementor-widget-text-editor\" data-id=\"6006818\" data-element_type=\"widget\" data-widget_type=\"text-editor.default\">\n\t\t\t\t<div class=\"elementor-widget-container\">\n\t\t\t\t\t\t\t\t\t<p>En somme, lorsqu&rsquo;on sent que quelque chose ne va pas et nous emp\u00eache de nous \u00e9panouir,\u00a0<strong>\u00ab aller parler \u00e0 quelqu&rsquo;un \u00bb<\/strong>, permet de\u00a0<strong>trouver du soutien, de l&rsquo;apaisement<\/strong>, et de mieux comprendre. C&rsquo;est aujourd&rsquo;hui une d\u00e9marche courante. Les motifs qui peuvent amener les personnes \u00e0 consulter\u00a0<strong>un psychologue<\/strong>\u00a0sont multiples et varient selon la personnalit\u00e9 et l&rsquo;histoire de chacun.<\/p>\t\t\t\t\t\t\t\t<\/div>\n\t\t\t\t<\/div>\n\t\t\t\t<\/div>\n\t\t\t\t<div class=\"elementor-element elementor-element-fc8a554 elementor-widget elementor-widget-image\" data-id=\"fc8a554\" data-element_type=\"widget\" data-widget_type=\"image.default\">\n\t\t\t\t<div class=\"elementor-widget-container\">\n\t\t\t\t\t\t\t\t\t\t\t\t\t\t\t<img fetchpriority=\"high\" decoding=\"async\" width=\"1920\" height=\"1280\" src=\"https:\/\/eloisemarqueze-psychologue.com\/wp-content\/uploads\/2025\/05\/home-eloise-marqueze-psychologie-1.jpg\" class=\"attachment-full size-full wp-image-43\" alt=\"jeune femme de dos\" srcset=\"https:\/\/eloisemarqueze-psychologue.com\/wp-content\/uploads\/2025\/05\/home-eloise-marqueze-psychologie-1.jpg 1920w, https:\/\/eloisemarqueze-psychologue.com\/wp-content\/uploads\/2025\/05\/home-eloise-marqueze-psychologie-1-300x200.jpg 300w, https:\/\/eloisemarqueze-psychologue.com\/wp-content\/uploads\/2025\/05\/home-eloise-marqueze-psychologie-1-1024x683.jpg 1024w, https:\/\/eloisemarqueze-psychologue.com\/wp-content\/uploads\/2025\/05\/home-eloise-marqueze-psychologie-1-768x512.jpg 768w, https:\/\/eloisemarqueze-psychologue.com\/wp-content\/uploads\/2025\/05\/home-eloise-marqueze-psychologie-1-1536x1024.jpg 1536w\" sizes=\"(max-width: 1920px) 100vw, 1920px\" \/>\t\t\t\t\t\t\t\t\t\t\t\t\t\t\t<\/div>\n\t\t\t\t<\/div>\n\t\t\t\t\t<\/div>\n\t\t\t\t<\/div>\n\t\t<div class=\"elementor-element elementor-element-b602998 e-flex e-con-boxed e-con e-parent\" data-id=\"b602998\" data-element_type=\"container\" data-settings=\"{&quot;background_background&quot;:&quot;classic&quot;}\">\n\t\t\t\t\t<div class=\"e-con-inner\">\n\t\t\t\t<div class=\"elementor-element elementor-element-71241e3 elementor-widget elementor-widget-heading\" data-id=\"71241e3\" data-element_type=\"widget\" data-widget_type=\"heading.default\">\n\t\t\t\t<div class=\"elementor-widget-container\">\n\t\t\t\t\t<h2 class=\"elementor-heading-title elementor-size-default\">Les personnes peuvent, par exemple, contacter un psychologue :<\/h2>\t\t\t\t<\/div>\n\t\t\t\t<\/div>\n\t\t\t\t<div class=\"elementor-element elementor-element-67e4c34 elementor-widget elementor-widget-text-editor\" data-id=\"67e4c34\" data-element_type=\"widget\" data-widget_type=\"text-editor.default\">\n\t\t\t\t<div class=\"elementor-widget-container\">\n\t\t\t\t\t\t\t\t\t<ul>\n \t<li class=\"p1\">parce qu&rsquo;elles \u00e9prouvent des\u00a0difficult\u00e9s personnelles\u00a0(sentiment d&rsquo;\u00eatre \u00ab bloqu\u00e9 \u00bb, que certaines choses se r\u00e9p\u00e8tent, impression d&rsquo;\u00eatre submerg\u00e9, stress, anxi\u00e9t\u00e9, sentiment d&rsquo;injustice, manque de confiance en soi, isolement&#8230;)<\/li>\n \t<li>parce que dans le pr\u00e9sent, elles vivent un \u00e9v\u00e8nement de vie douloureux\u00a0(deuil, s\u00e9paration, perte d&#8217;emploi, maladie&#8230;)<\/li>\n \t<li>parce que\u00a0des \u00e9v\u00e8nements\u00a0du\u00a0pass\u00e9\u00a0sont\u00a0difficiles\u00a0\n\u00e0\u00a0surmonter\u00a0(traumatisme psychologique)<\/li>\n \t<li>parce qu&rsquo;elles vivent des difficult\u00e9s\u00a0relationnelles\u00a0(familiales, conjugales, professionnelles)<\/li>\n \t<li>parce que dans leur corps, elles\u00a0ressentent\u00a0des\u00a0perturbations\u00a0\nqui ne trouvent pas d&rsquo;origine organique (maux de ventre, trouble du sommeil, perte d&rsquo;app\u00e9tit&#8230;)<\/li>\n \t<li>parce qu&rsquo;elles veulent vivre diff\u00e9remment et sont dans\u00a0une d\u00e9marche personnelle\u00a0pour mieux se conna\u00eetre.<\/li>\n \t<li>parce qu&rsquo;elles se trouvent dans un contexte d&rsquo;orientation, ou de\u00a0choix importants \u00e0 faire&#8230;<\/li>\n<\/ul>\t\t\t\t\t\t\t\t<\/div>\n\t\t\t\t<\/div>\n\t\t\t\t\t<\/div>\n\t\t\t\t<\/div>\n\t\t<div class=\"elementor-element elementor-element-04738a2 e-flex e-con-boxed e-con e-parent\" data-id=\"04738a2\" data-element_type=\"container\">\n\t\t\t\t\t<div class=\"e-con-inner\">\n\t\t\t\t<div class=\"elementor-element elementor-element-e6b2788 elementor-widget elementor-widget-text-editor\" data-id=\"e6b2788\" data-element_type=\"widget\" data-widget_type=\"text-editor.default\">\n\t\t\t\t<div class=\"elementor-widget-container\">\n\t\t\t\t\t\t\t\t\t<p>Une\u00a0<strong>psychoth\u00e9rapie<\/strong>\u00a0est un processus de changement,\u00a0<strong>vivant,\u00a0dynamique<\/strong>, qui va vers un \u00ab mieux \u00bb. Sa dur\u00e9e varie, il peut s\u2019agir d\u2019un soutien ponctuel pour passer une \u00e9tape difficile, ou d\u2019un temps plus long en fonction de la nature des besoins et des objectifs de chacun.<\/p>\t\t\t\t\t\t\t\t<\/div>\n\t\t\t\t<\/div>\n\t\t\t\t\t<\/div>\n\t\t\t\t<\/div>\n\t\t\t\t<\/div>\n\t\t","protected":false},"excerpt":{"rendered":"<p>Pourquoi prendre rendez-vous ? Prendre soin de soi est une raison suffisante. En somme, lorsqu&rsquo;on sent que quelque chose ne va pas et nous emp\u00eache de nous \u00e9panouir,\u00a0\u00ab aller parler \u00e0 quelqu&rsquo;un \u00bb, permet de\u00a0trouver du soutien, de l&rsquo;apaisement, et de mieux comprendre. C&rsquo;est aujourd&rsquo;hui une d\u00e9marche courante. Les motifs qui peuvent amener les personnes [&hellip;]<\/p>\n","protected":false},"author":1,"featured_media":0,"parent":0,"menu_order":0,"comment_status":"closed","ping_status":"closed","template":"","meta":{"footnotes":""},"class_list":["post-41","page","type-page","status-publish","hentry"],"_links":{"self":[{"href":"https:\/\/eloisemarqueze-psychologue.com\/index.php\/wp-json\/wp\/v2\/pages\/41","targetHints":{"allow":["GET"]}}],"collection":[{"href":"https:\/\/eloisemarqueze-psychologue.com\/index.php\/wp-json\/wp\/v2\/pages"}],"about":[{"href":"https:\/\/eloisemarqueze-psychologue.com\/index.php\/wp-json\/wp\/v2\/types\/page"}],"author":[{"embeddable":true,"href":"https:\/\/eloisemarqueze-psychologue.com\/index.php\/wp-json\/wp\/v2\/users\/1"}],"replies":[{"embeddable":true,"href":"https:\/\/eloisemarqueze-psychologue.com\/index.php\/wp-json\/wp\/v2\/comments?post=41"}],"version-history":[{"count":40,"href":"https:\/\/eloisemarqueze-psychologue.com\/index.php\/wp-json\/wp\/v2\/pages\/41\/revisions"}],"predecessor-version":[{"id":617,"href":"https:\/\/eloisemarqueze-psychologue.com\/index.php\/wp-json\/wp\/v2\/pages\/41\/revisions\/617"}],"wp:attachment":[{"href":"https:\/\/eloisemarqueze-psychologue.com\/index.php\/wp-json\/wp\/v2\/media?parent=41"}],"curies":[{"name":"wp","href":"https:\/\/api.w.org\/{rel}","templated":true}]}}